composite?
False
Is 21959 composite?
True
Is 463 composite?
False
Is 350503 a composite number?
False
Is 413605 a composite number?
True
Is 376313 composite?
True
Is 28505 a prime number?
False
Is 10541 a composite number?
True
Is 2819 composite?
False
Is 337 a prime number?
True
Is 73417 a composite number?
False
Is 745273 a composite number?
False
Is 16279 composite?
True
Is 22189 a composite number?
False
Is 8803 a composite number?
False
Is 6619 composite?
False
Is 967 prime?
True
Is 26822 a prime number?
False
Is 316333 prime?
False
Is 10639 a prime number?
True
Is 1030987 a prime number?
True
Is 1766689 composite?
False
Is 364717 a composite number?
False
Is 50411 a prime number?
True
Is 3437 a prime number?
False
Is 280859 prime?
True
Is 373 composite?
False
Is 37199 prime?
True
Is 967 prime?
True
Is 668147 composite?
True
Is 12247 prime?
False
Is 4729 prime?
True
Is 689063 prime?
True
Is 359 a prime number?
True
Is 55973 a composite number?
True
Is 264595 prime?
False
Is 108479 a composite number?
True
Is 173081 prime?
True
Is 13367 a prime number?
True
Is 216521 a composite number?
True
Is 5779 a prime number?
True
Is 1477 prime?
False
Is 90847 composite?
False
Is 9667 a prime number?
False
Is 86455 prime?
False
Is 130267 composite?
False
Is 2861 prime?
True
Is 4034 composite?
True
Is 2161 a prime number?
True
Is 2893 composite?
True
Is 489901 a prime number?
True
Is 5143 a prime number?
False
Is 30599 prime?
False
Is 2281647 composite?
True
Is 439273 prime?
True
Is 525593 a prime number?
True
Is 194861 prime?
True
Is 46318 composite?
True
Is 7607 a prime number?
True
Is 22457 composite?
True
Is 10529 a prime number?
True
Is 3901 a prime number?
False
Is 330271 a prime number?
True
Is 1388261 a composite number?
True
Is 112889 composite?
True
Is 3991 a prime number?
False
Is 23915 a composite number?
True
Is 184657 a composite number?
True
Is 245879 composite?
True
Is 15917 a prime number?
False
Is 5131 composite?
True
Is 41711 composite?
True
Is 29081 composite?
True
Is 4843 a composite number?
True
Is 5177 a prime number?
False
Is 26045 composite?
True
Is 190327 a prime number?
False
Is 20555 composite?
True
Is 22469 a composite number?
False
Is 794669 a composite number?
False
Is 13607 a composite number?
True
Is 914 prime?
False
Is 45763 composite?
False
Is 17002 a composite number?
True
Is 96935 a composite number?
True
Is 66401 prime?
False
Is 3259 a composite number?
False
Is 409 composite?
False
Is 651443 a prime number?
False
Is 454283 prime?
False
Is 396554 a composite number?
True
Is 6197 prime?
True
Is 10903 composite?
False
Is 1941721 a prime number?
True
Is 37141 a composite number?
True
Is 208617 a prime number?
False
Is 95857 composite?
False
Is 77 prime?
False
Is 4846 a composite number?
True
Is 31769 prime?
True
Is 10007 composite?
False
Is 159553 prime?
True
Is 2179 a prime number?
True
Is 57053 a prime number?
False
Is 19069 composite?
False
Is 1000149 a composite number?
True
Is 8843 composite?
True
Is 12242 composite?
True
Is 451873 composite?
False
Is 73589 a composite number?
False
Is 72011 a composite number?
True
Is 1249715 a prime number?
False
Is 5471 a composite number?
False
Is 374393 prime?
False
Is 385823 a composite number?
True
Is 20161 composite?
False
Is 266081 a composite number?
False
Is 33377 a prime number?
True
Is 387395 composite?
True
Is 68317 a prime number?
False
Is 489131 composite?
True
Is 2819 a prime number?
True
Is 694019 prime?
True
Is 363607 a composite number?
True
Is 749251 prime?
False
Is 11029 composite?
True
Is 296519 prime?
True
Is 5057 prime?
False
Is 10349 a composite number?
True
Is 926767 prime?
True
Is 48967 a composite number?
True
Is 3581 a prime number?
True
Is 419873 a composite number?
False
Is 788311 a prime number?
False
Is 2290951 a composite number?
True
Is 3149 a prime number?
False
Is 180731 a composite number?
False
Is 3967 composite?
False
Is 78643 prime?
True
Is 101771 a prime number?
True
Is 5591 a prime number?
True
Is 65801 a composite number?
True
Is 74411 a prime number?
True
Is 16619 composite?
False
Is 631 prime?
True
Is 73501 composite?
True
Is 25903 prime?
True
Is 48458 a composite number?
True
Is 5455 a composite number?
True
Is 12385 a composite number?
True
Is 1060009 prime?
True
Is 812921 composite?
False
Is 290737 a prime number?
True
Is 39265 composite?
True
Is 45397 composite?
True
Is 26747 a prime number?
False
Is 5039 a composite number?
False
Is 493873 composite?
False
Is 60161 prime?
True
Is 43607 a prime number?
True
Is 27841 composite?
True
Is 17555 composite?
True
Is 1501561 a prime number?
True
Is 15541 composite?
False
Is 192143 a composite number?
True
Is 12514 composite?
True
Is 4741 a prime number?
False
Is 13649 a composite number?
False
Is 235645 composite?
True
Is 14951 a prime number?
True
Is 25153 a prime number?
True
Is 4927 composite?
True
Is 222739 a composite number?
True
Is 3931273 a prime number?
True
Is 122637 a prime number?
False
Is 91535 a composite number?
True
Is 822473 composite?
True
Is 203339 composite?
False
Is 177577 prime?
False
Is 85319 composite?
True
Is 3407 a composite number?
False
Is 1008851 a prime number?
True
Is 266447 a prime number?
True
Is 12143 prime?
True
Is 78839 a prime number?
True
Is 113327 composite?
False
Is 3787 a composite number?
True
Is 2088923 a prime number?
False
Is 17077 a prime number?
True
Is 143239 a prime number?
True
Is 58 prime?
False
Is 6547 composite?
False
Is 6761 a composite number?
False
Is 31669 a prime number?
False
Is 87359 a composite number?
False
Is 4535 prime?
False
Is 863593 prime?
True
Is 235951 composite?
False
Is 194491 composite?
True
Is 200063 composite?
False
Is 8859 composite?
True
Is 3061 composite?
False
Is 3415 a composite number?
True
Is 360589 composite?
False
Is 1155373 a prime number?
True
Is 4483 a composite number?
False
Is 284619 composite?
True
Is 5981 composite?
False
Is 709 prime?
True
Is 999287 a prime number?
True
Is 3881 composite?
False
Is 20873 a prime number?
True
Is 18041 composite?
False
Is 1446131 composite?
False
Is 959 prime?
False
Is 42305 a prime number?
False
Is 97201 prime?
False
Is 406531 a composite number?
False
Is 22663 prime?
False
Is 92519 a composite number?
True
Is 4237 prime?
False
Is 673 a prime number?
True
Is 47098 a prime number?
False
Is 136303 composite?
False
Is 659089 composite?
True
Is 3761 a prime number?
True
Is 3589 a composite number?
True
Is 27767 a prime number?
True
Is 164473 prime?
False
Is 1027 prime?
False
Is 134999 a prime number?
True
Is 671473 a prime number?
False
Is 102611 composite?
False
Is 2784599 prime?
True
Is 27785 a composite number?
True
Is 23447 a prime number?
True
Is 18463 a prime number?
False
Is 2927 a prime number?
True
Is 96461 composite?
False
Is 79877 composite?
True
Is 641 prime?
True
Is 15863 prime?
False
Is 189233 composite?
True
Is 311 a prime number?
True
Is 290309 a composite number?
True
Is 27533 prime?
False
Is 145283 composite?
False
Is 1501 prime?
False
Is 8491 composite?
True
Is 134009 composite?
True
Is 6433 a prime number?
False
Is 91079 a prime number?
True
Is 12197 a prime number?
True
Is 38351 a prime number?
True
Is 9521 composite?
False
Is 196369 prime?
False
Is 11959 a composite number?
False
Is 25869 prime?
False
Is 279647 a prime number?
False
Is 7295 a composite number?
True
Is 7841 composite?
False
Is 161167 composite?
False
Is 18089 composite?
False
Is 411527 prime?
True
Is 27843 prime?
False
Is 793769 composite?
False
Is 911 prime?
True
Is 34949 composite?
False
Is 75305 composite?
True
Is 208133 a prime number?
False
Is 69623 a prime number?
True
Is 72211 a composite number?
False
Is 215297 a prime number?
True
Is 155843 composite?
True
Is 723271 a prime number?
True
Is 10405 a prime number?
False
Is 7061 prime?
False
Is 41889 composite?
True
Is 11559 a prime number?
False
Is 19769 prime?
False
Is 1596767 a composite number?
False
Is 627359 composite?
True
Is 38993 a prime number?
True
Is 498973 prime?
True
Is 654899 a composite number?
True
Is 90757 composite?
True
Is 823961 prime?
True
Is 31573 a composite number?
False
Is 5993 composite?
True
Is 1367 a composite number?
False
Is 19693 composite?
True
Is 3151495 prime?
False
Is 100591 a composite 